{"id":252,"date":"2018-01-12T15:02:49","date_gmt":"2018-01-12T14:02:49","guid":{"rendered":"https:\/\/www.kampenterrasse.no\/?page_id=252"},"modified":"2025-04-29T10:02:37","modified_gmt":"2025-04-29T09:02:37","slug":"verkstedet","status":"publish","type":"page","link":"https:\/\/www.kampenterrasse.no\/index.php\/verkstedet\/","title":{"rendered":"Verkstedet"},"content":{"rendered":"<p>Borettslaget er s\u00e5 heldig \u00e5 ha et eget rom i kjelleren inn fra vestibylen som brukes som verksted. Dette kan alle beboere i borettslaget bruke til snekring, maling, sm\u00f8ring av ski, mekking av sykkel etc.<\/p>\n<p>P\u00e5 verkstedet finnes:<\/p>\n<ul>\n<li>Solide arbeidsbenker<\/li>\n<li>Sl\u00f8ydbenk<\/li>\n<li>Sm\u00f8rebenk og sm\u00f8rejern for ski<\/li>\n<li>Skrustikke (2 stk.)<\/li>\n<li>Oppheng i tak for sykkel<\/li>\n<li>Sykkelpumpe<\/li>\n<li>St\u00f8vsuger, feiebrett, feiekost og s\u00f8ppelsekk<\/li>\n<li>Brannslukker<\/li>\n<\/ul>\n<p>F\u00f8r du tar verkstedet i bruk ber vi deg om \u00e5 sette deg inn i retningslinjene for bruk av verkstedet. Alle brukere av verkstedet er ansvarlig for:<\/p>\n<ul>\n<li>\u00e5 holde det <strong>rent og ryddig<\/strong> \u2013 for egen og andres trivsel, og slik at det <strong>ikke oppst\u00e5r fare for brann<\/strong>.<\/li>\n<li>\u00e5 tenke <strong>sikkerhet<\/strong> i forbindelse med slipest\u00f8v og bruk av brennbare v\u00e6sker.<\/li>\n<li>\u00e5 s\u00f8rge for <strong>utlufting<\/strong> etter arbeid med kjemikalier som lut, maling, lakk osv.<\/li>\n<li>at <strong>slipest\u00f8v og sagflis fjernes<\/strong> (feie og st\u00f8vsuge) ved arbeidsdagens slutt.<\/li>\n<li>\u00e5 <strong>merke gjenstander<\/strong> som vedlikeholdes\/males\/fikses. Dette gjelder ogs\u00e5 verkt\u00f8y, spesielt verkt\u00f8y som tar mye benkeplass som f.eks. sirkelsag.<br \/>\n<strong>Merking<\/strong> skal v\u00e6re som f\u00f8lger:<\/p>\n<ul>\n<li>Navn<\/li>\n<li>Oppgang<\/li>\n<li>Mobilnummer<\/li>\n<li>Dato arbeidet ble p\u00e5begynt<\/li>\n<\/ul>\n<\/li>\n<\/ul>\n<p>De fleste arbeider p\u00e5 verkstedet b\u00f8r kunne ferdigstilles i l\u00f8pet av 3-5 dager.<\/p>\n<p>Verkstedet er i utgangspunktet \u00e5pent hele d\u00f8gnet, men st\u00f8yende arbeid m\u00e5 ikke skje p\u00e5 f\u00f8lgende tidspunkt:<\/p>\n<ul>\n<li>Etter kl. 20 hverdager.<\/li>\n<li>P\u00e5 helligdag fra kl 00 til kl 24 samt p\u00e5ske-, pinse- og julaften etter kl 16.<\/li>\n<\/ul>\n<p>Hensatt materiell, gjenstander og verkt\u00f8y fjernes for eiers risiko.<\/p>\n<p>Fra styret sin side f\u00f8lges verkstedet opp av <a href=\"https:\/\/www.kampenterrasse.no\/index.php\/kontakt\/\">Alf Terje Andresen. <\/a><\/p>\n","protected":false},"excerpt":{"rendered":"<p>Borettslaget er s\u00e5 heldig \u00e5 ha et eget rom i kjelleren inn fra vestibylen som brukes som verksted. Dette kan alle beboere i borettslaget bruke til snekring, maling, sm\u00f8ring av ski, mekking av sykkel etc. P\u00e5 verkstedet finnes: Solide arbeidsbenker Sl\u00f8ydbenk Sm\u00f8rebenk og sm\u00f8rejern for ski Skrustikke (2 stk.) Oppheng i tak for sykkel Sykkelpumpe [&hellip;]<\/p>\n","protected":false},"author":1,"featured_media":0,"parent":0,"menu_order":0,"comment_status":"closed","ping_status":"closed","template":"","meta":{"footnotes":""},"class_list":["post-252","page","type-page","status-publish","hentry","post-preview"],"_links":{"self":[{"href":"https:\/\/www.kampenterrasse.no\/index.php\/wp-json\/wp\/v2\/pages\/252","targetHints":{"allow":["GET"]}}],"collection":[{"href":"https:\/\/www.kampenterrasse.no\/index.php\/wp-json\/wp\/v2\/pages"}],"about":[{"href":"https:\/\/www.kampenterrasse.no\/index.php\/wp-json\/wp\/v2\/types\/page"}],"author":[{"embeddable":true,"href":"https:\/\/www.kampenterrasse.no\/index.php\/wp-json\/wp\/v2\/users\/1"}],"replies":[{"embeddable":true,"href":"https:\/\/www.kampenterrasse.no\/index.php\/wp-json\/wp\/v2\/comments?post=252"}],"version-history":[{"count":17,"href":"https:\/\/www.kampenterrasse.no\/index.php\/wp-json\/wp\/v2\/pages\/252\/revisions"}],"predecessor-version":[{"id":739,"href":"https:\/\/www.kampenterrasse.no\/index.php\/wp-json\/wp\/v2\/pages\/252\/revisions\/739"}],"wp:attachment":[{"href":"https:\/\/www.kampenterrasse.no\/index.php\/wp-json\/wp\/v2\/media?parent=252"}],"curies":[{"name":"wp","href":"https:\/\/api.w.org\/{rel}","templated":true}]}}

<p>Borettslaget er så heldig å ha et eget rom i kjelleren inn fra vestibylen som brukes som verksted. Dette kan alle beboere i borettslaget bruke til snekring, maling, smøring av ski, mekking av sykkel etc.</p>
<p>På verkstedet finnes:</p>
<ul>
<li>Solide arbeidsbenker</li>
<li>Sløydbenk</li>
<li>Smørebenk og smørejern for ski</li>
<li>Skrustikke (2 stk.)</li>
<li>Oppheng i tak for sykkel</li>
<li>Sykkelpumpe</li>
<li>Støvsuger, feiebrett, feiekost og søppelsekk</li>
<li>Brannslukker</li>
</ul>
<p>Før du tar verkstedet i bruk ber vi deg om å sette deg inn i retningslinjene for bruk av verkstedet. Alle brukere av verkstedet er ansvarlig for:</p>
<ul>
<li>å holde det <strong>rent og ryddig</strong> – for egen og andres trivsel, og slik at det <strong>ikke oppstår fare for brann</strong>.</li>
<li>å tenke <strong>sikkerhet</strong> i forbindelse med slipestøv og bruk av brennbare væsker.</li>
<li>å sørge for <strong>utlufting</strong> etter arbeid med kjemikalier som lut, maling, lakk osv.</li>
<li>at <strong>slipestøv og sagflis fjernes</strong> (feie og støvsuge) ved arbeidsdagens slutt.</li>
<li>å <strong>merke gjenstander</strong> som vedlikeholdes/males/fikses. Dette gjelder også verktøy, spesielt verktøy som tar mye benkeplass som f.eks. sirkelsag.<br />
<strong>Merking</strong> skal være som følger:</p>
<ul>
<li>Navn</li>
<li>Oppgang</li>
<li>Mobilnummer</li>
<li>Dato arbeidet ble påbegynt</li>
</ul>
</li>
</ul>
<p>De fleste arbeider på verkstedet bør kunne ferdigstilles i løpet av 3-5 dager.</p>
<p>Verkstedet er i utgangspunktet åpent hele døgnet, men støyende arbeid må ikke skje på følgende tidspunkt:</p>
<ul>
<li>Etter kl. 20 hverdager.</li>
<li>På helligdag fra kl 00 til kl 24 samt påske-, pinse- og julaften etter kl 16.</li>
</ul>
<p>Hensatt materiell, gjenstander og verktøy fjernes for eiers risiko.</p>
<p>Fra styret sin side følges verkstedet opp av <a href="https://www.kampenterrasse.no/index.php/kontakt/">Alf Terje Andresen. </a></p>

<p>Borettslaget er så heldig å ha et eget rom i kjelleren inn fra vestibylen som brukes som verksted. Dette kan alle beboere i borettslaget bruke til snekring, maling, smøring av ski, mekking av sykkel etc. På verkstedet finnes: Solide arbeidsbenker Sløydbenk Smørebenk og smørejern for ski Skrustikke (2 stk.) Oppheng i tak for sykkel Sykkelpumpe [&hellip;]</p>
